rime factors of r?
2, 23
Suppose 10 = 2*d - 5*s, 5*d - 3*s - 2 - 23 = 0. List the prime factors of 34/(-85) - ((-516)/d)/3.
2, 17
Suppose -2*y = 5*r - 13058, 0*y - 2594 = -r + 4*y. Suppose r = 3*j + 2*j. Suppose 0 = 5*n + 3*u - j, n + n - 4*u - 214 = 0. What are the prime factors of n?
3, 5, 7
Suppose 948 = 2*s - 700. Let v = -25 + s. What are the prime factors of v?
17, 47
Suppose -351833 = -14*m + 61531. Suppose -27*t - 10*t = -m. What are the prime factors of t?
2, 3, 7, 19
Let z be 2*-71*(-345)/(-30). Let b = 2537 + z. Suppose 0 = 5*u - 4*o - b, 2*u - o + 3 - 364 = 0. List the prime factors of u.
2, 3, 5
Let g(h) = 29 - 10*h**3 + 2*h + 3*h**2 - 9*h**3 + 18*h**3. List the prime factors of g(0).
29
Let d = 334 + -125. Let j = -139 + d. Let s = j + -38. List the prime factors of s.
2
Let f(d) = -d - 3*d - 24 + 10 + 36*d - 11. List the prime factors of f(16).
487
Suppose 3*y + 214 = 5*u - 4*u, -2*u + 426 = -4*y. Suppose 3*q = 1052 + u. What are the prime factors of q?
421
Let j be ((4/(-3))/4)/((-11)/297). Suppose -2*k - j = -5*k. Suppose 0 = 5*o - k*o - 550. What are the prime factors of o?
5, 11
Suppose 252 = -8*g + 17*g. Let f(j) = 2*j**2 - 41*j + 93. What are the prime factors of f(g)?
3, 19
Let u be -1 + (-4)/4 + 14355/(-5). List the prime factors of u/(-3) - (-3)/9.
2, 479
Suppose -12*q = x - 8*q + 15, x - 10 = q. Suppose -x*b = 14*b - 15770. List the prime factors of b.
2, 5, 83
Let j(a) = a**3 + 13*a**2 + 12*a - 2. Let w = 22 - 34. Let d be j(w). What are the prime factors of (d + 1)*58*4/(-8)?
29
Let r = 80 - 58. Suppose -6 + 15 = 3*i - 3*u, -5*i = 2*u - r. Suppose 7*b - i*b - 90 = 0. What are the prime factors of b?
2, 3, 5
Let j(r) = r**3 + 5*r**2 - 9*r + 2. Let s be j(-6). Suppose -s*u - 308 = -21*u. List the prime factors of u.
2, 7, 11
Let u be 8*7/(-56) - 3. Let f(n) be the second derivative of 5*n**4/12 - n**3/2 + n. What are the prime factors of f(u)?
2, 23
Let t = -14837 - -34619. List the prime factors of t.
2, 3, 7, 157
What are the prime factors of 9801744/288 + 5*1*(-3)/18?
34033
Let q(b) = 7*b**3 - 2*b**2 + 12*b + 425. Let p(d) = -3*d**3 + d**2 - 5*d - 212. Let t(a) = -9*p(a) - 4*q(a). What are the prime factors of t(0)?
2, 13
What are the prime factors of (53952/320)/((-21)/(-6965))?
199, 281
What are the prime factors of 5*153345/(-450)*-6?
10223
Let k(p) = 4*p - 29. Let l be k(8). List the prime factors of l + 2 + (-63)/(-6)*116.
1223
What are the prime factors of 6954*3/6*1?
3, 19, 61
Let g(y) = -y - 13. Let u be g(-12). Let s(m) = m**2 - 9*m + 10. Let i be s(8). List the prime factors of ((-250)/(-15))/(i/(-15)*u).
5
Suppose 30*z - 11*z = 95. Suppose -5*j + 4*r + 6805 = 0, 0*j + 6*j - 8165 = z*r. List the prime factors of j.
3, 5, 7, 13
Let b = 184 - 40. Suppose 4*o - b = 684. What are the prime factors of o?
3, 23
Let l(b) = -b + 2. Let s be l(0). Suppose 3 = -s*g - 29. Let o(z) = -z**3 - 15*z**2 + 14*z + 36. What are the prime factors of o(g)?
2, 17
Let b(u) = 247*u**2 - 7*u + 54. Let s be b(8). Suppose -12*d - s = -26*d. What are the prime factors of d?
1129
Let j be (-9164)/(-6) + 64/(-48). Suppose -17*z = j - 7663. List the prime factors of z.
19
Suppose -4*l = -g - 1 - 4, -4*g + 4*l + 4 = 0. Suppose -918 = -g*y - 303. List the prime factors of y.
5, 41
Suppose a - 4*a = -5*s + 23, -4*a - 24 = -5*s. Let m be 2 - (7 - (a - (-4)/4)). List the prime factors of 0 + 16 - (2 + m).
19
What are the prime factors of 2/6 + (-266)/285 + 30290/25?
7, 173
Suppose 3*l - 36 = -4*y, l - 14 = 4*y - 2. Suppose l*c + 685 = 7*c. Let b = 236 + c. List the prime factors of b.
3, 11
Let a(t) = 10*t + 21. Let j be a(10). Let v = j - 128. Let h(f) = -16*f + 33. List the prime factors of h(v).
5, 29
Let y = 945 - 729. List the prime factors of y.
2, 3
Let x be (3/5 + 6/90)*3. Suppose 0 = -5*u + x*u + 774. List the prime factors of u.
2, 3, 43
Let c be 1/2*(120 + -66). Let n(t) = 33*t - 119. What are the prime factors of n(c)?
2, 193
What are the prime factors of (23 + 0 + 1)*22/((-2200)/(-119525))?
2, 3, 7, 683
Suppose 7*v - 173 = 58. Suppose -163 = -13*h - v. List the prime factors of h.
2, 5
Suppose -8*d - 1 = -17. Suppose -x - 6*k = -5*k - 1145, -8 = d*k. What are the prime factors of x?
3, 383
Let s(u) = u**3 + 35*u**2 - 28*u - 194. Let w be s(-37). What are the prime factors of 3*(-40)/(-30) - w?
2, 5, 19
Let a be (-7 - 78/(-12))*-6. Suppose 2*c - 3415 = a*j - 8*j, -5*c = 2*j - 1366. List the prime factors of j.
683
Let k = 107 + -371. List the prime factors of 8/(k/56 + 5).
2, 7
Suppose -32 + 30 = -t. Suppose 8 = -4*n - 2*y, t*n - y + 4*y + 12 = 0. Suppose 4*v - 8 = n, -3*x - 5*v = -116 - 227. List the prime factors of x.
3, 37
Let t(h) = -h**3 - 28*h**2 - 31*h - 56. Let p be t(-27). List the prime factors of p/(-39) + (-10250)/(-6).
3, 569
Let g(m) = -1167*m + 60. Let x(o) = -2334*o + 116. Let s(n) = -5*g(n) + 3*x(n). What are the prime factors of s(-1)?
3, 5
Let a(o) = 9*o + 165. Let l be 380/57*(-3)/(-2). What are the prime factors of a(l)?
3, 5, 17
Let r(m) = -389*m + 2555. List the prime factors of r(-60).
5, 5179
Let q = -16937 - -7316. List the prime factors of (-3)/(9/2)*q/6.
1069
Suppose -3*g + 3 = 0, -15 = -v - 3*g - 2. Suppose 0 = v*f + 21*f - 16616. List the prime factors of f.
2, 67
Suppose 0 = -w - 2*a + 3646, 0 = w - 89*a + 86*a - 3661. What are the prime factors of w?
2, 11, 83
Suppose -8*b + 169 = 41. Suppose -v = 5*y - b, -7*y + 28 = v - 6*y. Suppose 0 = 26*q - v*q + 665. What are the prime factors of q?
7, 19
Let i be ((-72)/(-20) - 3)*-15. Let g = i + 12. Suppose 0*v = g*v - 207. What are the prime factors of v?
3, 23
Suppose -q - 246 = -4*g, 0*g - 51 = -g - 5*q. Let h = 71 - 79. Let k = h + g. What are the prime factors of k?
53
Let h(z) be the first derivative of 9*z**2 + 65*z - 67. List the prime factors of h(20).
5, 17
List the prime factors of (2/6 + -1)/((-3)/(-11 + 50006)).
2, 5, 11, 101
Let t = 77309 + -34948. List the prime factors of t.
11, 3851
Suppose 0 = 24*l - 5 + 101. List the prime factors of 6/l*(-201 + -17).
3, 109
Suppose -18 = -4*s - 5*n + 6, 2*n + 6 = s. Let a be 24/(-9)*(-2)/(8/6). Suppose -j + 11 = 2*w - s*j, a*w = -2*j + 58. List the prime factors of w.
13
Let z(s) = s**3 + 12*s**2 - s - 10. Let p be z(-12). Suppose 42 = 3*r - 3*c, 0*c + p*c + 52 = 4*r. List the prime factors of ((1 + 11)/1)/(r/16).
2
Suppose 5*j + 177 + 793 = 0. Let x = 812 - 485. Let f = j + x. List the prime factors of f.
7, 19
Let y be 2/(-3) + (-194)/(-3). Let h be ((-201)/(-134))/((-3)/(-20)). Let z = h + y. What are the prime factors of z?
2, 37
Suppose 53872 = 5*g + 15*m - 21*m, -2*g = -4*m - 21552. What are the prime factors of g?
2, 2693
Let z = -167 + 91. Let l(y) = 3*y**2 + 33*y + 213. Let a be l(-10). Let i = z + a. List the prime factors of i.
107
Suppose 4*a + 15*a = 3724. Let s = a - -870. List the prime factors of s.
2, 13, 41
Suppose 3*p = 5*a - 771, -a + 2*a - 5*p = 141. Let k = 272 - a. What are the prime factors of k?
2, 29
List the prime factors of 3/(((-6)/(-33808))/(33/66)).
2, 2113
What are the prime factors of ((-1962)/27)/(38/(-4617))?
3, 109
Let h(k) be the second derivative of 0 - 1/2*k**2 + 1/6*k**3 + k**4 - 25*k. What are the prime factors of h(-3)?
2, 13
Let w = -583 - -594. Suppose -13*j + w*j + 1305 = 3*q, 3*j - 4*q - 1915 = 0. What are the prime factors of j?
3, 5, 43
Suppose 0 = -13*v + 7587 + 126807. What are the prime factors of v?
2, 3, 1723
Suppose 64*h - 67*h = 0. Let k be 32/6 - 2/6. Suppose h = k*i - 2*g - 383, -203 = -5*i - 5*g + 187. List the prime factors of i.
7, 11
Suppose -5*s = -11 + 6. Let w be ((-576)/(-1))/(2 - s). What are the prime factors of w/(-80)*5/(-2)?
2, 3
Let t(h) = h**2 - 17*h + 26. Let f = 200 + -175. List the prime factors of t(f).
2, 113
Let t be 6/4*3*8/9. Suppose 0 = t*z + x - 4859, 3*z + 3*x = 2282 + 1369. What are the prime factors of z?
2, 607
What are the prime factors of (1/((-16)/(-376)))/((-1)/(-776))?
2, 47, 97
Let u(r) = 2*r**2 + 11*r - 4. Let i be u(-6). Suppose 0 = -9*o - 4*o + 39. Suppose 2*k - 379 = -o*l, 262 = i*l - 5*k + 4*k. What are the prime factors of l?
3, 43
Let v be -4 + -3 + (-6 + 7)*8. Suppose 0 = 2*b - 2*u - 924, 0 = 3*u - 2 - v. What are the prime factors of b?
463
Suppose 0 = 3*a + 9, 11*a - 71895 = -4*u + 8*a. List the p